common factor of 4794 and 102?
102
Calculate the greatest common divisor of 5293 and 268.
67
Calculate the greatest common factor of 124 and 1674.
62
Calculate the highest common factor of 55 and 20.
5
What is the highest common factor of 1245 and 285?
15
Calculate the highest common factor of 22 and 176.
22
Calculate the greatest common divisor of 180 and 60.
60
What is the greatest common factor of 346 and 7093?
173
Calculate the highest common divisor of 688 and 14706.
86
What is the greatest common divisor of 1066 and 82?
82
What is the highest common factor of 405 and 3435?
15
What is the greatest common divisor of 620 and 180?
20
What is the highest common divisor of 412 and 104?
4
Calculate the greatest common factor of 46 and 1748.
46
Calculate the highest common factor of 34 and 16.
2
What is the greatest common factor of 429 and 39?
39
Calculate the highest common factor of 19708 and 26.
26
What is the highest common factor of 795 and 120?
15
Calculate the greatest common factor of 39 and 4407.
39
What is the highest common factor of 1260 and 117?
9
Calculate the highest common factor of 184 and 32.
8
What is the greatest common factor of 1840 and 70?
10
Calculate the greatest common divisor of 86 and 43.
43
What is the highest common factor of 96 and 1296?
48
Calculate the greatest common factor of 80 and 3280.
80
What is the highest common divisor of 336 and 48?
48
Calculate the highest common divisor of 1845 and 45.
45
What is the highest common factor of 5 and 2?
1
What is the greatest common factor of 57 and 519?
3
Calculate the highest common factor of 55 and 15.
5
Calculate the greatest common divisor of 11623 and 394.
197
What is the greatest common factor of 24 and 552?
24
What is the highest common divisor of 21 and 224?
7
What is the greatest common factor of 38 and 1634?
38
What is the highest common factor of 18 and 3552?
6
What is the greatest common divisor of 66 and 242?
22
What is the highest common factor of 228 and 38?
38
Calculate the highest common factor of 17 and 289.
17
Calculate the greatest common divisor of 312 and 96.
24
What is the greatest common divisor of 1008 and 42?
42
Calculate the greatest common factor of 216 and 936.
72
Calculate the highest common factor of 123 and 287.
41
What is the highest common factor of 45 and 9?
9
What is the greatest common factor of 215 and 172?
43
What is the highest common factor of 14003 and 134?
67
What is the greatest common factor of 128 and 104?
8
What is the greatest common factor of 456 and 108?
12
Calculate the highest common factor of 78 and 182.
26
What is the highest common factor of 143 and 58487?
143
What is the highest common factor of 232 and 2032?
8
What is the greatest common divisor of 304 and 57?
19
Calculate the greatest common factor of 980 and 1900.
20
Calculate the greatest common factor of 328 and 16.
8
What is the greatest common divisor of 61 and 37332?
61
What is the highest common divisor of 46 and 3956?
46
What is the highest common divisor of 275 and 50?
25
Calculate the highest common divisor of 656 and 2542.
82
Calculate the greatest common factor of 35 and 49.
7
Calculate the highest common factor of 6 and 24504.
6
Calculate the highest common factor of 1274 and 4186.
182
What is the greatest common divisor of 308 and 572?
44
Calculate the highest common factor of 494 and 78.
26
What is the greatest common factor of 20 and 95?
5
Calculate the highest common divisor of 286 and 154.
22
What is the greatest common factor of 49 and 70?
7
What is the greatest common divisor of 694 and 2?
2
Calculate the greatest common divisor of 23 and 69.
23
Calculate the greatest common divisor of 112 and 49.
7
Calculate the greatest common divisor of 14 and 203.
7
What is the highest common factor of 27759 and 57?
57
What is the greatest common divisor of 13 and 3263?
13
What is the highest common divisor of 384 and 24?
24
What is the highest common divisor of 10 and 490?
10
What is the greatest common divisor of 96 and 37200?
48
What is the highest common divisor of 5 and 905?
5
What is the greatest common divisor of 15 and 285?
15
Calculate the greatest common divisor of 568 and 16.
8
Calculate the highest common divisor of 57897 and 63.
63
What is the greatest common factor of 7611 and 645?
129
What is the highest common factor of 9117 and 18?
9
Calculate the highest common divisor of 3349 and 68.
17
Calculate the highest common divisor of 506 and 22.
22
What is the highest common factor of 3645 and 5?
5
What is the greatest common factor of 765 and 18?
9
Calculate the greatest common factor of 2 and 14.
2
Calculate the highest common divisor of 2783 and 69.
23
Calculate the highest common divisor of 32 and 992.
32
What is the greatest common factor of 1157 and 26?
13
What is the highest common divisor of 90 and 23535?
45
Calculate the highest common divisor of 4494 and 63.
21
Calculate the greatest common divisor of 306 and 2788.
34
What is the greatest common divisor of 517 and 188?
47
Calculate the greatest common factor of 226 and 2.
2
What is the greatest common divisor of 22 and 704?
22
Calculate the greatest common factor of 24 and 88.
8
Calculate the highest common divisor of 1655 and 5.
5
What is the highest common divisor of 129215 and 215?
215
Calculate the greatest common divisor of 342 and 190.
38
What is the greatest common divisor of 565 and 5?
5
Calculate the greatest common divisor of 336 and 48.
48
What is the highest common factor of 1843 and 19?
19
What is the highest common divisor of 113 and 1243?
113
Calculate the highest common factor of 22 and 110.
22
What is the highest common divisor of 14 and 602?
14
Calculate the greatest common factor of 24 and 6012.
12
Calculate the greatest common divisor of 290 and 58.
58
Calculate the greatest common factor of 12 and 27.
3
Calculate the highest common factor of 24 and 192.
24
Calculate the greatest common divisor of 5 and 2285.
5
Calculate the highest common factor of 44912 and 112.
112
What is the highest common factor of 644 and 140?
28
What is the greatest common factor of 132 and 408?
12
Calculate the highest common factor of 4343 and 86.
43
What is the highest common factor of 1260 and 11592?
252
Calculate the greatest common factor of 3999 and 258.
129
What is the highest common divisor of 1496 and 110?
22
Calculate the greatest common factor of 3424 and 496.
16
What is the greatest common factor of 120 and 200?
40
What is the highest common factor of 13 and 22?
1
Calculate the greatest common divisor of 56 and 8.
8
Calculate the highest common factor of 42 and 70.
14
What is the highest common factor of 1246 and 490?
14
Calculate the highest common factor of 988 and 152.
76
What is the highest common divisor of 105 and 1505?
35
What is the highest common divisor of 297 and 2835?
27
What is the greatest common factor of 9 and 45?
9
What is the greatest common divisor of 150 and 275?
25
What is the highest common divisor of 295 and 40?
5
Calculate the highest common divisor of 230 and 575.
115
What is the highest common factor of 424 and 318?
106
Calculate the greatest common divisor of 645 and 165.
15
Calculate the highest common divisor of 1144 and 208.
104
Calculate the highest common factor of 120 and 112.
8
What is the greatest common divisor of 540 and 108?
108
What is the greatest common factor of 68 and 4?
4
What is the highest common divisor of 49046 and 358?
358
Calculate the highest common factor of 63 and 112.
7
Calculate the highest common factor of 121 and 275.
11
Calculate the highest common divisor of 2890 and 68.
34
What is the highest common factor of 140 and 220?
20
Calculate the highest common divisor of 240 and 768.
48
Calculate the highest common divisor of 110 and 120.
10
Calculate the greatest common factor of 15584 and 96.
32
Calculate the highest common factor of 10800 and 336.
48
Calculate the greatest common factor of 9 and 57.
3
What is the greatest common divisor of 15 and 635?
5
What is the greatest common factor of 4461 and 9?
3
Calculate the highest common factor of 77 and 28.
7
Calculate the greatest common divisor of 246 and 6.
6
Calculate the highest common factor of 462 and 198.
66
What is the greatest common divisor of 113 and 5989?
113